{"id":191,"date":"2023-01-16T14:32:47","date_gmt":"2023-01-16T13:32:47","guid":{"rendered":"http:\/\/forcat.fr\/?page_id=191"},"modified":"2023-03-14T12:50:14","modified_gmt":"2023-03-14T11:50:14","slug":"conseil","status":"publish","type":"page","link":"https:\/\/forcat.fr\/index.php\/conseil\/","title":{"rendered":"Conseil"},"content":{"rendered":"<h3>FORCAT vous accompagne sur vos projets :<\/h3>\n<ul>\n<li>\n<h3>d&rsquo;am\u00e9lioration continue (lib\u00e9ration de vos espaces de travail, r\u00e9duction des d\u00e9placements, gain en productivit\u00e9, organisation, &#8230;)<\/h3>\n<\/li>\n<li>\n<h3>de communication (identit\u00e9 visuelle, digital marketing, solution cl\u00e9s en main pour animer vos r\u00e9seaux, &#8230;)<\/h3>\n<\/li>\n<li>\n<h3>de management (coaching individuel ou en groupe, &#8230;)<\/h3>\n<\/li>\n<\/ul>\n","protected":false},"excerpt":{"rendered":"<p>FORCAT vous accompagne sur vos projets : d&rsquo;am\u00e9lioration continue (lib\u00e9ration de vos espaces de travail, r\u00e9duction des d\u00e9placements, gain en productivit\u00e9, organisation, &#8230;) de communication (identit\u00e9 visuelle, digital marketing, solution cl\u00e9s en main pour animer vos r\u00e9seaux, &#8230;) de management (coaching individuel ou en groupe, &#8230;)<\/p>\n","protected":false},"author":1,"featured_media":0,"parent":0,"menu_order":5,"comment_status":"closed","ping_status":"closed","template":"","meta":[],"_links":{"self":[{"href":"https:\/\/forcat.fr\/index.php\/wp-json\/wp\/v2\/pages\/191"}],"collection":[{"href":"https:\/\/forcat.fr\/index.php\/wp-json\/wp\/v2\/pages"}],"about":[{"href":"https:\/\/forcat.fr\/index.php\/wp-json\/wp\/v2\/types\/page"}],"author":[{"embeddable":true,"href":"https:\/\/forcat.fr\/index.php\/wp-json\/wp\/v2\/users\/1"}],"replies":[{"embeddable":true,"href":"https:\/\/forcat.fr\/index.php\/wp-json\/wp\/v2\/comments?post=191"}],"version-history":[{"count":3,"href":"https:\/\/forcat.fr\/index.php\/wp-json\/wp\/v2\/pages\/191\/revisions"}],"predecessor-version":[{"id":276,"href":"https:\/\/forcat.fr\/index.php\/wp-json\/wp\/v2\/pages\/191\/revisions\/276"}],"wp:attachment":[{"href":"https:\/\/forcat.fr\/index.php\/wp-json\/wp\/v2\/media?parent=191"}],"curies":[{"name":"wp","href":"https:\/\/api.w.org\/{rel}","templated":true}]}}